{"id":9668,"date":"2025-09-23T09:37:36","date_gmt":"2025-09-23T12:37:36","guid":{"rendered":"https:\/\/www.dgeo.udec.cl\/dev\/?page_id=9668"},"modified":"2025-09-24T09:57:50","modified_gmt":"2025-09-24T12:57:50","slug":"investigacion-2","status":"publish","type":"page","link":"https:\/\/www.dgeo.udec.cl\/dev\/investigacion-2\/","title":{"rendered":"Investigaci\u00f3n"},"content":{"rendered":"\n<h2 class=\"wp-block-heading\">Proyectos, publicaciones y tesis<\/h2>\n\n\n\n<p>Lineas de investigaci\u00f3n del Departamento, proyectos, publicaciones, tesis;&nbsp;<strong>observaciones en l\u00ednea<\/strong>&nbsp;de algunos de los proyectos colectivos; y v\u00ednculos a p\u00e1ginas de acad\u00e9micos y acad\u00e9micas.<\/p>\n\n\n\n<p><strong>PROYECTOS, TESIS Y PUBLICACIONES<\/strong><\/p>\n\n\n\n<ul class=\"wp-block-list\">\n<li><a href=\"http:\/\/www.dgeo.udec.cl\/dev\/investigacion\/investigacion\/\">L\u00edneas de investigaci\u00f3n<\/a><\/li>\n\n\n\n<li><a href=\"http:\/\/www.dgeo.udec.cl\/dev\/nosotros\/integrantes\/academicos\/\">Proyectos y publicaciones por investigador(a)<\/a><\/li>\n\n\n\n<li><a href=\"http:\/\/www.dgeo.udec.cl\/dev\/tesis-de-pregrado\/\">Tesis de pregrado<\/a><\/li>\n<\/ul>\n\n\n\n<p><strong>OBSERVACIONES EN L\u00cdNEA<\/strong><\/p>\n\n\n\n<ul class=\"wp-block-list\">\n<li><a href=\"http:\/\/www.dgeo.udec.cl\/dev\/observaciones-meteorologicas-dgeo-udec-y-dgf-uchile-estacion-automatica-y-micro-rain-radar\/\">Observaciones meteorol\u00f3gicas DGEO-UdeC y DGF-UChile<\/a><\/li>\n\n\n\n<li><a href=\"https:\/\/www2.dgeo.udec.cl\/shiny\/hw-monitor\/\">Observaciones para pron\u00f3stico de olas de calor para Chile central<\/a><\/li>\n<\/ul>\n\n\n\n<p><strong>OTROS V\u00cdNCULOS<\/strong><\/p>\n\n\n\n<ul class=\"wp-block-list\">\n<li><a href=\"http:\/\/www.geofisica.udec.cl\/videos\/\">Videos de charlas y entrevistas a cient\u00edficos y cient\u00edficas de Geof\u00edsica UdeC<\/a><\/li>\n\n\n\n<li><a href=\"http:\/\/www.midgeo.udec.cl\/\" target=\"_blank\" rel=\"noreferrer noopener\">Laboratorio MidGeo<\/a><\/li>\n<\/ul>\n\n\n\n<p><\/p>\n\n\n\n<h2 class=\"wp-block-heading\">Asistencia t\u00e9cnica<\/h2>\n\n\n\n<p>El Departamento de Geof\u00edsica realiza diversas actividades asociadas a<strong>&nbsp;transferencia tecnol\u00f3gica<\/strong>&nbsp;y&nbsp;<strong>asistencia t\u00e9cnica<\/strong>&nbsp;aplicada al mundo p\u00fabico y privado.&nbsp;Los servicios de asistencia t\u00e9cnica son provistos por los grupos de investigaci\u00f3n del Departamento, dirigidos por un acad\u00e9mico o acad\u00e9mica del \u00e1rea. Ellos y ellas son:<\/p>\n\n\n\n<figure class=\"wp-block-table\"><table class=\"has-fixed-layout\"><tbody><tr><th>Nombre<\/th><th>\u00c1mbito de competencias<\/th><th>E-mail<\/th><\/tr><tr><td><\/td><td><\/td><td><\/td><\/tr><tr><td><a href=\"https:\/\/www.dgeo.udec.cl\/?page_id=718\">Andr\u00e9s Sep\u00falveda&nbsp;<\/a><\/td><td>Pronostico num\u00e9rico. Uso de modelos de atm\u00f3sfera (WRF), Oc\u00e9ano (ROMS), y Oleaje (Wavewatch III)Estudio num\u00e9rico de dispersi\u00f3n de contaminantesCursos de formaci\u00f3n en modelaci\u00f3n de fluidos<\/td><td><a href=\";\">asepulveda@dgeo.udec.cl<\/a><\/td><\/tr><tr><td><a href=\"http:\/\/www.dgeo.udec.cl\/nosotros\/integrantes\/academicos\/victor-villagran\/\">V\u00edctor Villagr\u00e1n&nbsp;<\/a><\/td><td>Dise\u00f1o e Implementaci\u00f3n de sistemas observacionales para Oceanograf\u00eda y Meteorolog\u00edaIngenier\u00eda para proyectos I+D en el \u00e1rea Geof\u00edsicaCursos en el \u00e1rea de Instrumentaci\u00f3n Geof\u00edsicaM\u00e1s informaci\u00f3n&nbsp;<a href=\"http:\/\/www.midgeo.udec.cl\/\"><strong>Laboratorio MidGeo&nbsp;<\/strong><\/a><\/td><td>&nbsp;<a href=\";\">vvillagran@dgeo.udec.cl<\/a><\/td><\/tr><\/tbody><\/table><\/figure>\n\n\n\n<h2 class=\"wp-block-heading\">Portafolio<\/h2>\n\n\n\n<p>Entre los distintos proyectos y cursos que el Departamento de Geof\u00edsica ha desarrollado en el contexto de asistencia t\u00e9cnica podemos nombrar:<\/p>\n\n\n\n<p><strong>Desarrollo de proyectos<\/strong><\/p>\n\n\n\n<ul class=\"wp-block-list\">\n<li><strong>Desarrollo de Sistema de predicci\u00f3n sin\u00f3ptico de circulaci\u00f3n marina para apoyo a la acuicultura<\/strong>, Instituto de Fomento Pesquero-Castro&nbsp;y Sistema de Informaci\u00f3n Oceanogr\u00e1fica CHONOS.<\/li>\n\n\n\n<li><strong>Flujo de ox\u00edgeno y capacidad de carga en el Centro Elefante<\/strong>, perteneciente a&nbsp;<a href=\"http:\/\/www.friosur.cl\/\" target=\"_blank\" rel=\"noreferrer noopener\">Salmones Friosur SA.<\/a>&nbsp;(Ocean Applied Science Ltda.)<\/li>\n\n\n\n<li><strong>Modelaci\u00f3n oce\u00e1nica y climatol\u00f3gica para las regiones Los Lagos y Ays\u00e9n<\/strong>.&nbsp;<a href=\"http:\/\/www.friosur.cl\/\" target=\"_blank\" rel=\"noreferrer noopener\">Salmones FrioSur S.A.<\/a><\/li>\n<\/ul>\n\n\n\n<p><strong>Dise\u00f1o y dictaci\u00f3n de cursos de capacitaci\u00f3n<\/strong><\/p>\n\n\n\n<ul class=\"wp-block-list\">\n<li><strong>Curso de Modelaci\u00f3n Num\u00e9rica de la Atm\u00f3sfera usando WRF, en la Regi\u00f3n de Ays\u00e9n<\/strong>. Instituto de Fomento Pesquero-Castro.<\/li>\n\n\n\n<li><strong>Curso B\u00e1sico de Modelaci\u00f3n Num\u00e9rica del Oc\u00e9ano<\/strong>.&nbsp;<a href=\"http:\/\/www.shoa.cl\/\" target=\"_blank\" rel=\"noreferrer noopener\">Servicio Hidrogr\u00e1fico y Oceanogr\u00e1fico de la Armada<\/a>, Valpara\u00edso.<\/li>\n\n\n\n<li><strong>Curso Avanzado de Modelaci\u00f3n Num\u00e9rica del Oc\u00e9ano.<\/strong>&nbsp;<a href=\"http:\/\/www.shoa.cl\/\" target=\"_blank\" rel=\"noreferrer noopener\">Servicio Hidrogr\u00e1fico y Oceanogr\u00e1fico de la Armada<\/a>, Valpara\u00edso.<\/li>\n<\/ul>\n\n\n\n<h2 class=\"wp-block-heading\">Cont\u00e1ctenos<\/h2>\n\n\n\n<p><strong>Departamento de Geof\u00edsica<\/strong><br><strong>Facultad de Ciencias F\u00edsicas y Matem\u00e1ticas<\/strong><br><strong>Universidad de Concepci\u00f3n<\/strong><\/p>\n\n\n\n<p>Direcci\u00f3n:<br>Avda. Esteban Iturra s\/n \u2013 Barrio Universitario<br>Concepci\u00f3n \u2013 Chile<br>Direcci\u00f3n postal:<br>Casilla 160-C, Concepci\u00f3n, Chile<\/p>\n\n\n\n<p>Tel\u00e9fonos:<br>+(56) 41 2203100<br>+(56) 41 2207277<\/p>\n\n\n\n<p>Correo electr\u00f3nico:<br><a href=\";\">abano@udec.cl<\/a><\/p>\n\n\n\n<p>Formulario de contacto&nbsp;<a href=\"http:\/\/www.dgeo.udec.cl\/contacto\/\" target=\"_blank\" rel=\"noreferrer noopener\">Aqu\u00ed<\/a><\/p>\n","protected":false},"excerpt":{"rendered":"<p>Proyectos, publicaciones y tesis Lineas de investigaci\u00f3n del Departamento, proyectos, publicaciones, tesis;&nbsp;observaciones en l\u00ednea&nbsp;de algunos de los proyectos colectivos; y v\u00ednculos a p\u00e1ginas de acad\u00e9micos y acad\u00e9micas. PROYECTOS, TESIS Y PUBLICACIONES OBSERVACIONES EN L\u00cdNEA OTROS V\u00cdNCULOS Asistencia t\u00e9cnica El Departamento de Geof\u00edsica realiza diversas actividades asociadas a&nbsp;transferencia tecnol\u00f3gica&nbsp;y&nbsp;asistencia t\u00e9cnica&nbsp;aplicada al mundo p\u00fabico y privado.&nbsp;Los servicios [&hellip;]<\/p>\n","protected":false},"author":7,"featured_media":0,"parent":0,"menu_order":0,"comment_status":"closed","ping_status":"closed","template":"","meta":{"footnotes":""},"class_list":["post-9668","page","type-page","status-publish","hentry"],"_links":{"self":[{"href":"https:\/\/www.dgeo.udec.cl\/dev\/wp-json\/wp\/v2\/pages\/9668","targetHints":{"allow":["GET"]}}],"collection":[{"href":"https:\/\/www.dgeo.udec.cl\/dev\/wp-json\/wp\/v2\/pages"}],"about":[{"href":"https:\/\/www.dgeo.udec.cl\/dev\/wp-json\/wp\/v2\/types\/page"}],"author":[{"embeddable":true,"href":"https:\/\/www.dgeo.udec.cl\/dev\/wp-json\/wp\/v2\/users\/7"}],"replies":[{"embeddable":true,"href":"https:\/\/www.dgeo.udec.cl\/dev\/wp-json\/wp\/v2\/comments?post=9668"}],"version-history":[{"count":2,"href":"https:\/\/www.dgeo.udec.cl\/dev\/wp-json\/wp\/v2\/pages\/9668\/revisions"}],"predecessor-version":[{"id":9683,"href":"https:\/\/www.dgeo.udec.cl\/dev\/wp-json\/wp\/v2\/pages\/9668\/revisions\/9683"}],"wp:attachment":[{"href":"https:\/\/www.dgeo.udec.cl\/dev\/wp-json\/wp\/v2\/media?parent=9668"}],"curies":[{"name":"wp","href":"https:\/\/api.w.org\/{rel}","templated":true}]}}