{"id":8319,"date":"2023-10-04T14:19:23","date_gmt":"2023-10-04T17:19:23","guid":{"rendered":"https:\/\/www.dgeo.udec.cl\/dev\/?page_id=8319"},"modified":"2024-08-13T16:12:51","modified_gmt":"2024-08-13T19:12:51","slug":"francisco-lang-tasso","status":"publish","type":"page","link":"https:\/\/www.dgeo.udec.cl\/dev\/nosotros\/integrantes\/academicos\/francisco-lang-tasso\/","title":{"rendered":"Francisco Lang Tasso"},"content":{"rendered":"\n<p><\/p>\n\n\n\n<figure class=\"wp-block-image size-full is-resized\"><img loading=\"lazy\" decoding=\"async\" src=\"http:\/\/www.dgeo.udec.cl\/dev\/wp-content\/uploads\/sites\/12\/2023\/10\/DSCN2918.jpg\" alt=\"\" class=\"wp-image-8320\" style=\"width:322px;height:328px\" width=\"322\" height=\"328\" \/><\/figure>\n\n\n\n<figure class=\"wp-block-table\"><table><tbody><tr><td><strong>Cargo:&nbsp;<\/strong>Profesor &nbsp; \/&nbsp;&nbsp;&nbsp;&nbsp;<strong>Tel\u00e9fono:<\/strong>&nbsp;&nbsp;<strong>Oficina:<\/strong>&nbsp; &nbsp; \/&nbsp;&nbsp;&nbsp;<strong>Mail:<\/strong>&nbsp;<a href=\"https:\/\/www.dgeo.udec.cl\/dev\/lucia-scaff-fuenzalida\/;\"><\/a><a href=\";\">flang@udec.cl<\/a><\/td><\/tr><tr><td><strong>Estudios:<\/strong><br>Ingenier\u00eda en Recursos Naturales Renovables, Facultad de Ciencias Agron\u00f3micas, Universidad de Chile.<br>Doctor en Ciencias Atmosf\u00e9ricas, Escuela de Tierra, Atm\u00f3sfera y Medio Ambiente; de la Facultad de Ciencias de la Universidad de Monash, Australia<\/td><\/tr><tr><td><strong>L\u00edneas de Investigaci\u00f3n:&nbsp;<\/strong>Clima, meteorolog\u00eda, energ\u00edas renovables, oc\u00e9ano y clima, contaminaci\u00f3n atmosf\u00e9rica y cambio clim\u00e1tico.<\/td><\/tr><tr><td><strong>Curr\u00edculum (pdf)<\/strong><\/td><\/tr><tr><td><strong>Docencia:&nbsp;<\/strong><\/td><\/tr><tr><td><strong>P\u00e1gina Personal<\/strong>: <a href=\"https:\/\/scholar.google.com\/citations?hl=en&amp;user=cIVXwdwAAAAJ&amp;view_op=list_works&amp;sortby=pubdate\" data-type=\"link\" data-id=\"https:\/\/scholar.google.com\/citations?hl=en&amp;user=cIVXwdwAAAAJ&amp;view_op=list_works&amp;sortby=pubdate\">Francisco Lang en Scholar<\/a><\/td><\/tr><\/tbody><\/table><\/figure>\n\n\n\n<p><strong>Publicaciones<\/strong><\/p>\n\n\n\n<figure class=\"wp-block-table\"><table><tbody><tr><td><a href=\"https:\/\/scholar.google.com\/citations?view_op=view_citation&amp;hl=en&amp;user=cIVXwdwAAAAJ&amp;sortby=pubdate&amp;citation_for_view=cIVXwdwAAAAJ:Se3iqnhoufwC\">On the relationship between mesoscale cellular convection and meteorological forcing: Comparing the Southern Ocean against the North Pacific<\/a>, F. Lang, S.T. Siems, Y. Huang, L. Ackermann. EGUsphere 2023, 1-21<\/td><td>2023<\/td><\/tr><tr><td><a href=\"https:\/\/scholar.google.com\/citations?view_op=view_citation&amp;hl=en&amp;user=cIVXwdwAAAAJ&amp;sortby=pubdate&amp;citation_for_view=cIVXwdwAAAAJ:UebtZRa9Y70C\">Evidence of wet deposition in shallow convection over the southern ocean<\/a>, T. Alinejadtabrizi, F. Lang, L. Ackermann, Y. Huang, S. Siems, M. Manton,&#8230;; XXVIII General Assembly of the International Union of Geodesy and Geophysics.                                                                                                    <\/td><td>2023<\/td><\/tr><tr><td><a href=\"https:\/\/scholar.google.com\/citations?view_op=view_citation&amp;hl=en&amp;user=cIVXwdwAAAAJ&amp;sortby=pubdate&amp;citation_for_view=cIVXwdwAAAAJ:roLk4NBRz8UC\">Biases in the thermodynamic structure over the Southern Ocean in ERA5 and their radiative implications<\/a>, S.CH. Truong, Y. Huang, S.T. Siems, M.J. Manton, F. Lang. International Journal of Climatology 42 (15), 7685-7702.<\/td><td>2022<\/td><\/tr><tr><td><a href=\"https:\/\/scholar.google.com\/citations?view_op=view_citation&amp;hl=en&amp;user=cIVXwdwAAAAJ&amp;sortby=pubdate&amp;citation_for_view=cIVXwdwAAAAJ:ufrVoPGSRksC\">A climatology of open and closed mesoscale cellular convection over the Southern Ocean derived from Himawari-8 observations<\/a>, F. Lang, L. Ackermann, Y. Huang, S.CH. Truong, S.T. Siems, M.J. Manton. Atmospheric Chemistry and Physics 22 (3), 2135-2152.<\/td><td>2022<\/td><\/tr><tr><td><a href=\"https:\/\/scholar.google.com\/citations?view_op=view_citation&amp;hl=en&amp;user=cIVXwdwAAAAJ&amp;sortby=pubdate&amp;citation_for_view=cIVXwdwAAAAJ:WF5omc3nYNoC\">Wintertime Precipitation over the Australian Snowy Mountains: Observations from an Intensive Field Campaign 2018<\/a>. L. Ackermann, Y. Huang, S. Siems, M. Manton, F. Lang, T. Chubb, A. Peace, &#8230; Journal of Hydrometeorology 22 (8), 2193-2211.<\/td><td>2021<\/td><\/tr><\/tbody><\/table><\/figure>\n","protected":false},"excerpt":{"rendered":"<p>Cargo:&nbsp;Profesor &nbsp; \/&nbsp;&nbsp;&nbsp;&nbsp;Tel\u00e9fono:&nbsp;&nbsp;Oficina:&nbsp; &nbsp; \/&nbsp;&nbsp;&nbsp;Mail:&nbsp;flang@udec.cl Estudios:Ingenier\u00eda en Recursos Naturales Renovables, Facultad de Ciencias Agron\u00f3micas, Universidad de Chile.Doctor en Ciencias Atmosf\u00e9ricas, Escuela de Tierra, Atm\u00f3sfera y Medio Ambiente; de la Facultad de Ciencias de la Universidad de Monash, Australia L\u00edneas de Investigaci\u00f3n:&nbsp;Clima, meteorolog\u00eda, energ\u00edas renovables, oc\u00e9ano y clima, contaminaci\u00f3n atmosf\u00e9rica y cambio clim\u00e1tico. Curr\u00edculum (pdf) Docencia:&nbsp; [&hellip;]<\/p>\n","protected":false},"author":7,"featured_media":0,"parent":17,"menu_order":0,"comment_status":"closed","ping_status":"closed","template":"","meta":{"footnotes":""},"class_list":["post-8319","page","type-page","status-publish","hentry"],"_links":{"self":[{"href":"https:\/\/www.dgeo.udec.cl\/dev\/wp-json\/wp\/v2\/pages\/8319","targetHints":{"allow":["GET"]}}],"collection":[{"href":"https:\/\/www.dgeo.udec.cl\/dev\/wp-json\/wp\/v2\/pages"}],"about":[{"href":"https:\/\/www.dgeo.udec.cl\/dev\/wp-json\/wp\/v2\/types\/page"}],"author":[{"embeddable":true,"href":"https:\/\/www.dgeo.udec.cl\/dev\/wp-json\/wp\/v2\/users\/7"}],"replies":[{"embeddable":true,"href":"https:\/\/www.dgeo.udec.cl\/dev\/wp-json\/wp\/v2\/comments?post=8319"}],"version-history":[{"count":6,"href":"https:\/\/www.dgeo.udec.cl\/dev\/wp-json\/wp\/v2\/pages\/8319\/revisions"}],"predecessor-version":[{"id":8574,"href":"https:\/\/www.dgeo.udec.cl\/dev\/wp-json\/wp\/v2\/pages\/8319\/revisions\/8574"}],"up":[{"embeddable":true,"href":"https:\/\/www.dgeo.udec.cl\/dev\/wp-json\/wp\/v2\/pages\/17"}],"wp:attachment":[{"href":"https:\/\/www.dgeo.udec.cl\/dev\/wp-json\/wp\/v2\/media?parent=8319"}],"curies":[{"name":"wp","href":"https:\/\/api.w.org\/{rel}","templated":true}]}}