{"id":751,"date":"2012-11-23T16:25:07","date_gmt":"2012-11-23T19:25:07","guid":{"rendered":"\/?page_id=751"},"modified":"2024-08-13T16:21:35","modified_gmt":"2024-08-13T19:21:35","slug":"carolina-parada-2","status":"publish","type":"page","link":"https:\/\/www.dgeo.udec.cl\/dev\/nosotros\/integrantes\/academicos\/carolina-parada-2\/","title":{"rendered":"Carolina Parada V\u00e9liz"},"content":{"rendered":"<table style=\"width: 100%\" border=\"1\">\n<tbody>\n<tr>\n<td style=\"vertical-align: top;width: 45.6897%\" rowspan=\"8\" valign=\"top\"><img loading=\"lazy\" decoding=\"async\" class=\"aligncenter size-full wp-image-7572\" src=\"http:\/\/www.dgeo.udec.cl\/dev\/wp-content\/uploads\/sites\/12\/2020\/03\/IMG_20191010_173757655-1.jpg\" alt=\"\" width=\"1301\" height=\"1889\" srcset=\"https:\/\/www.dgeo.udec.cl\/dev\/wp-content\/uploads\/sites\/12\/2020\/03\/IMG_20191010_173757655-1.jpg 1301w, https:\/\/www.dgeo.udec.cl\/dev\/wp-content\/uploads\/sites\/12\/2020\/03\/IMG_20191010_173757655-1-744x1080.jpg 744w, https:\/\/www.dgeo.udec.cl\/dev\/wp-content\/uploads\/sites\/12\/2020\/03\/IMG_20191010_173757655-1-1200x1742.jpg 1200w, https:\/\/www.dgeo.udec.cl\/dev\/wp-content\/uploads\/sites\/12\/2020\/03\/IMG_20191010_173757655-1-420x610.jpg 420w, https:\/\/www.dgeo.udec.cl\/dev\/wp-content\/uploads\/sites\/12\/2020\/03\/IMG_20191010_173757655-1-768x1115.jpg 768w, https:\/\/www.dgeo.udec.cl\/dev\/wp-content\/uploads\/sites\/12\/2020\/03\/IMG_20191010_173757655-1-1058x1536.jpg 1058w\" sizes=\"auto, (max-width: 1301px) 100vw, 1301px\" \/><\/td>\n<\/tr>\n<tr>\n<td style=\"width: 52.931%\">\n<p><strong>Cargo: <\/strong>Profesora Asociada \u00a0 \/\u00a0\u00a0 Directora de Mag\u00edster<\/p>\n<p><strong> Tel\u00e9fono:<\/strong> 2204136<\/p>\n<p><strong>Oficina: <\/strong>438<strong> \u00a0 \/\u00a0\u00a0 Mail:<\/strong> <a href=\"mailto:carolina.parada@dgeo.udec.cl\">carolina.parada@dgeo.udec.cl<\/a>\u00a0 \u00a0 \u00a0\/<\/td>\n<\/tr>\n<tr>\n<td style=\"text-align: justify;width: 52.931%\"><strong>Estudios: <\/strong><br \/>\nBiolog\u00eda Marina, Universidad de Concepci\u00f3n, 1994.<br \/>\nM\u00e1ster en Ciencias menci\u00f3n Oceanograf\u00eda, Universidad de Concepci\u00f3n, 1999.<br \/>\nPhD in Oceanography, University of Cape Town, South Africa, 2003.<br \/>\nPost-Doc, Joint Institute for the Study of the Atmosphere and Ocean &amp; NOAA and University of Washington. US. 2003-2005.<br \/>\nPost-Doc, Joint Institute for the Study of the Atmosphere and Ocean &amp; NOAA and School of Aquatic and Fisheries Sciences.US. 2005-2007<\/td>\n<\/tr>\n<tr>\n<td style=\"width: 52.931%\"><strong>L\u00edneas de Investigaci\u00f3n:\u00a0<\/strong><b><\/b>Modelaci\u00f3n acoplada del oc\u00e9ano, oceanograf\u00eda, transporte y conectividad poblacional, modelos de din\u00e1mica poblacional e historia de vida.<\/td>\n<\/tr>\n<tr>\n<td style=\"width: 52.931%\"><a href=\"\/wp-content\/uploads\/sites\/12\/2012\/11\/Carolina-Para-CV_abril-2016.pdf\" target=\"_blank\" rel=\"noopener noreferrer\"><strong>Curr\u00edculum (pdf)<\/strong> <\/a><\/td>\n<\/tr>\n<tr>\n<td style=\"width: 52.931%\"><strong>Docencia<\/strong>: Introducci\u00f3n a la biogeoqu\u00edmica del oc\u00e9ano (100%), Geolog\u00eda para Geof\u00edsica (14%), PHP.<\/td>\n<\/tr>\n<tr>\n<td style=\"width: 52.931%\"><strong>P\u00e1gina Personal <\/strong><\/td>\n<\/tr>\n<\/tbody>\n<\/table>\n<p><strong><span style=\"text-decoration: underline\">Proyectos:<\/span><\/strong><\/p>\n<p><span style=\"color: #000000\"><a style=\"color: #000000\" href=\"http:\/\/imo-chile.cl\/\" target=\"_blank\" rel=\"noopener noreferrer\"><strong>Instituto Milenio de Oceanograf\u00eda \u00a0<\/strong><\/a><\/span><br \/>\n<span style=\"color: #000000\"> Institutos Milenio en Ciencias Naturales<\/span><br \/>\n<span style=\"color: #000000\"> Fecha de inicio y t\u00e9rmino: 2014 &#8211; 2023<\/span><br \/>\n<span style=\"color: #000000\"> Investigador asociado: <strong><a style=\"color: #000000\" href=\"http:\/\/www.dgeo.udec.cl\/dev\/nosotros\/integrantes\/academicos\/oscar-pizarro-arriagada\/\" target=\"_blank\" rel=\"noopener noreferrer\">Oscar Pizarro<\/a><\/strong><\/span><br \/>\n<span style=\"color: #000000\"> Investigadores adjuntos: <a style=\"color: #000000\" href=\"http:\/\/www.dgeo.udec.cl\/dev\/nosotros\/integrantes\/investigadores-asociados\/carolina-parada-2\/\" target=\"_blank\" rel=\"noopener noreferrer\"><strong>Carolina Parada<\/strong><\/a> &#8211; <a style=\"color: #000000\" href=\"http:\/\/www.dgeo.udec.cl\/dev\/nosotros\/integrantes\/academicos\/aldo-montecinos-gula\/\" target=\"_blank\" rel=\"noopener noreferrer\"><strong>Aldo Montecinos<\/strong><\/a> &#8211; <\/span><a href=\"http:\/\/www.dgeo.udec.cl\/dev\/nosotros\/integrantes\/academicos\/victor-villagran\/\" target=\"_blank\" rel=\"noopener noreferrer\"><strong><span style=\"color: #000000\">V\u00edctor Villagr\u00e1n<\/span><\/strong><\/a><\/p>\n<p><strong><span style=\"color: #000000\">Chilean Integrated Ocean Observing System CHIOOS<\/span><\/strong><br \/>\nProyecto Innova Biob\u00edo<br \/>\nInvestigador principal <strong><a href=\"http:\/\/www.dgeo.udec.cl\/dev\/nosotros\/integrantes\/academicos\/dante-figueroa\/\" target=\"_blank\" rel=\"noopener noreferrer\">Dante Figueroa<\/a><\/strong><br \/>\nInvestigadores adjuntos: <strong><a href=\"http:\/\/www.dgeo.udec.cl\/dev\/nosotros\/integrantes\/academicos-2\/ignacia-calisto\/\">Ignacia Calisto<\/a><\/strong>,\u00a0<strong><a href=\"http:\/\/www.dgeo.udec.cl\/dev\/nosotros\/integrantes\/investigadores-asociados\/carolina-parada-2\/\" target=\"_blank\" rel=\"noopener noreferrer\">Carolina Parada<\/a>,\u00a0<a href=\"http:\/\/www.dgeo.udec.cl\/dev\/nosotros\/integrantes\/academicos\/elias-ovalle-2\/\" target=\"_blank\" rel=\"noopener noreferrer\">Elias Ovalle<\/a>,\u00a0<a href=\"http:\/\/www.dgeo.udec.cl\/dev\/nosotros\/integrantes\/academicos-2\/rodrigo-abarca\/\">Rodrigo Abarca<\/a><\/strong><\/p>\n<p><strong><a href=\"http:\/\/www.dgeo.udec.cl\/dev\/nosotros\/integrantes\/investigadores-asociados\/carolina-parada-2\/\" target=\"_blank\" rel=\"noopener noreferrer\">Investigating petrale sole recruitment mechanisms via larval transport: insights into population connectivity<\/a><\/strong><br \/>\nFATE\/ National Oceanographic Atmospheric Administration (NOAA).2016-2018<br \/>\nCo\u00ad- Investigadora <a href=\"http:\/\/www.dgeo.udec.cl\/dev\/nosotros\/integrantes\/investigadores-asociados\/carolina-parada-2\/\" target=\"_blank\" rel=\"noopener noreferrer\"><strong>Carolina Parada<\/strong><\/a><\/p>\n<p><a href=\"http:\/\/www.dgeo.udec.cl\/dev\/nosotros\/integrantes\/investigadores-asociados\/carolina-parada-2\/\" target=\"_blank\" rel=\"noopener noreferrer\"><strong>Impacts of climate change on red king crab larval advection in Bristol Bay: implications for recruitment variability<\/strong><\/a><br \/>\nNorth Pacific Research Board (NPRB, http:\/\/nprb.org\/). 2015-2017<br \/>\nCo &#8211; \u00adInvestigadora <a href=\"http:\/\/www.dgeo.udec.cl\/dev\/nosotros\/integrantes\/investigadores-asociados\/carolina-parada-2\/\" target=\"_blank\" rel=\"noopener noreferrer\"><strong>Carolina Parada<\/strong><\/a><\/p>\n<p style=\"text-align: justify\"><strong>Publicaciones<\/strong><\/p>\n<p>Todas las publicaciones de la profesora Parada las puedes ver en este <a href=\"https:\/\/scholar.google.de\/citations?user=rjr5R3kAAAAJ&amp;hl=en&amp;oi=ao\">link.<\/a><\/p>\n<p>C. Medel,<strong> C. Parada<\/strong>, C. Morales, O. Pizarro, B. Ernst y C. Conejero. \u00abHow biophysical interactions associated with sub-and mesoscale structures and migration behavior affect planktonic larvae of the spiny lobster in the Juan Fern\u00e1ndez Ridge: a modeling approach\u00bb. Progress in Oceanography 162 (2018) 98-119.<\/p>\n<p>M. Sandoval, <strong>C. Parada <\/strong>y R. Torres. \u00abProposal of an integrated system for forecasting Harmful Algal Blooms (HAB) in Chile\u00bb. DOI: 10.3856\/vol46-issue2-fulltext-18, 2018.<\/p>\n<p><strong>C. Parada,<\/strong> A. Gretchina, S. V\u00e1squez, A. Belmadani, V. Combes, B. Ernst, E. Di Lorenzo, J. Porobic y A. Sep\u00falveda. \u00abExpanding the conceptual framework of the spatial population structure and life history of jack meckerel in the eastern South Pacific: an oceanic seamount region as potential spawning\/nursery habitat\u00bb. ICES Journal of Marine Science (2017), 74(9), 2398-2414. doi:10.1093\/icesjms\/fsx065<\/p>\n<p><strong><a href=\"http:\/\/www.dgeo.udec.cl\/dev\/nosotros\/integrantes\/investigadores-asociados\/carolina-parada-2\/\">Parada, C.<\/a>,<\/strong> S. Frusher, R.H. Bustamante, E. Di Lorenzo, P. Bernal, M. Cryer, A. Dunn, R. Garreaud, M. Guti\u00e9rrez, S. Jennings, A. Montecinos, S. Neira, R.A. Qui\u00f1ones, K. Takahashi, R. Tascheri, and B. Yannicelli.\u00a0 \u00abSouth Pacific Integrated Ecosystem Studies meeting: toward conservation and sustainable use of marine resources in the South Pacific\u00bb. 2016,\u00a0Fisheries Oceanography, IF 2,542.<\/p>\n<p style=\"text-align: justify\">Gibson, G., Stockhausen, W., Coyle, K., Hinckley, S., <strong>Parada, C<\/strong>., Hermann, A., Doyle, M.\u00a0 An individual-based model for Sablefish: Exploring the connectivity between potential spawning and nursery grounds in the Gulf of Alaska. Deep sea Research (issue II).<\/p>\n<p style=\"text-align: justify\">Stockhausen, W., Coyle, K., Hermann, A., Blood, D., Doyle, M., Gibson, G., Hinckley, S., Ladd, C., <strong>Parada, C<\/strong>. Running the Gauntlet: Connectivity between natal and nursery areas for arrowtooth flounder (<em>Atheresthes stomias<\/em>) in the Gulf of Alaska, as inferred from a biophysical Individual-based Model. Deep sea Research (issue II).<\/p>\n<p style=\"text-align: justify\">Hinckley, S., Stockhausen, W., Coyle, K., Hermann, A., Gibson, S., <strong>Parada, C.,<\/strong> Doyle, M,\u00a0 Laurel, M. Connectivity between spawning and nursery areas for Pacific cod (<em>Gadus macrocephalus<\/em>) in the Gulf of Alaska. Deep sea Research (issue II).<\/p>\n<p style=\"text-align: justify\"><strong>Parada, C<\/strong>., Sepulveda, H.H., Artal, O., Olivares, G., Meier, C. Evaluation of the Mean Annual and Seasonal Dynamics of a High-Resolution Ocean Model off South-Central Chile. Continental Shelf Research.<\/p>\n<p style=\"text-align: justify\">Hinckley, S., <strong>Parada<\/strong>, C:, Horrne, J., Mazur, M., Woillez, M. <strong>2016<\/strong>.\u00a0 Methods of spatial comparison of individual-based model output to data using a model of walleye pollock early life history in the Gulf of Alaska. Deep Sea Research. Special issue. IF 2,782.<strong><br \/>\n<\/strong><\/p>\n<p style=\"text-align: justify\"><strong>Parada<\/strong>, C., Frusher, S., Bustamante, R., DI Lorenzo, E., Bernal, P., Crier, M., Dunn, A, Garreaud, R., Gutierrez, M., Jennings, S., Montecinos, A., Neira, S., Qui\u00f1ones, R., Takahashi, K., Tascheri, R., Yannicelli, B. <strong>2016<\/strong>. <span style=\"color: #000000\"><a class=\"gmail-gsc_a_at\" style=\"color: #000000\">South Pacific Integrated Ecosystem Studies meeting: toward conservation and sustainable use of marine resources in the South Pacific<\/a>.<\/span> Fisheries Oceanography, doi:10.1111\/fog.12148.<\/p>\n<p style=\"text-align: justify\"><strong>Parada, C., <\/strong>Hinckley, S., Horne, J., Mazur, M., Hermann, A., Curchister, E. <strong>2015<\/strong>. Modeling connectivity of walleye pollock in the Gulf of Alaska: Linkages to Bering Sea and Aleutian Islands. Deep Sea Research. <a href=\"http:\/\/dx.doi.org\/10.1016\/j.dsr2.2015.12.010\">doi:10.1016\/j.dsr2.2015.12.010<\/a><\/p>\n<p style=\"text-align: justify\">Di Lorenzo, E., V. Combes, J. E. Keister, T. P. Strub, A. C. Thomas, P. J. S. Franks, M. D. Ohman, J. Furtado, A. Bracco, S. J. Bograd, W. T. Peterson, F. B. Schwing, S. Chiba, B. Taguchi, S. Hormazabal and <strong>C. Parada.<\/strong> <strong>2013<\/strong>. Synthesis of Pacific Ocean Climate &amp; Ecosystems dynamics, Oceanography 26(4):68\u201381,http:\/\/dx.doi.org\/10.5670\/oceanog.2013.76.(ISI).<\/p>\n<p style=\"text-align: justify\"><strong>Parada, C<\/strong>., Yannicelli, B., Hormaz\u00e1bal, S., V\u00e1squez, S., Porobic, J., Ernst, B., Gatica, C., Arteaga, M., Montecinos, A., N\u00fa\u00f1ez, S., Gretchina, A. <strong>2013<\/strong>. Environmental Variability and Fishing Resources in the southeastern Pacific: Status of the Research and Challenges towards Resource Management. LAJAR. Lat. Am. J. Aquat. Res., 41(1):1-28.(ISI\/Scielo).<\/p>\n<p style=\"text-align: justify\">V\u00e1squez, S, Correa-Ram\u00edrez, M., <strong>Parada, C<\/strong>., Sep\u00falveda, A., <strong>2013<\/strong>. influence of oceanographic processes on jack mackerel (Trachurus murphyi) larval distribution and population structure in the southeastern Pacific Ocean. ICES. doi:10.1093\/icesjms\/fst065. (ISI).<\/p>\n<p style=\"text-align: justify\">V\u00e1squez, S., <strong>Parada, C.<\/strong>, Sep\u00falveda, A. &amp; Combes, V. <strong>2012<\/strong>. Modelaci\u00f3n del transporte de huevos y larvas de jurel (Trachurus murphyi) en el Pac\u00edfico suroriental: implicancias en el reclutamiento. En: Hern\u00e1ndez-Zanuy A., y Alcolado P. M. (Eds). La biodiversidad en ecosistemas marinos y costeros del litoral de Iberoam\u00e9rica y el cambio clim\u00e1tico: II. Memorias del Simposio Iberoamericano de biodiversidad marina y cambio clim\u00e1tico, de la RED CYTED BIODIVMAR. Balneario Cambori\u00fa, Santa Catarina, Brasil, Noviembre 2012. pp\u00a0 69-78.<\/p>\n<p style=\"text-align: justify\">Porobic, J., <strong>Parada, C.<\/strong>, Ernst, B., Hormaz\u00e1bal, S., Combes, V. <strong>2012<\/strong>. Modelaci\u00f3n de la conectividad de las subpoblaciones de la langosta de Juan Fern\u00e1ndez a trav\u00e9s de un modelo biof\u00edsico. Lat. Am. J. Aquat. Res., 40(3): 613-632.(Scielo).<\/p>\n<p style=\"text-align: justify\">Ospina-Alvarez A, <strong>Parada, C<\/strong>, Palomera, I. <strong>2012<\/strong>. Vertical migration effects on the dispersion and recruitment of European anchovy larvae: from spawning to nursery areas. Ecol. Mod. 231:65\u201379. doi: 10.1016\/j.ecolmodel.2012.02.001. (ISI).<\/p>\n<p style=\"text-align: justify\"><strong>Parada, C<\/strong>., Colas, F., Castro, L., Soto, S. <strong>2012<\/strong>. Effects of seasonal variability in across- and alongshore transport of anchoveta (Engraulis ringens) larvae on model-based pre-recruitment indices off central Chile, Progress in oceanography, doi:10.1016\/j.pocean.2011.07.015.(ISI).<\/p>\n<p style=\"text-align: justify\">Yannicelli, B., Castro, L., <strong>Parada, C.,<\/strong> Colas, F., Schneider, W., Donoso, D. <strong>2012<\/strong>. Distribution of Pleuroncodes monodon larvae over the continental shelf of south-central Chile: Field and modeling evidence for partial local retention and transport, Progress in oceanography,doi:10.1016\/j.pocean.2011.07.005. (ISI).<\/p>\n<p style=\"text-align: justify\">Soto-Mendoza, S., <strong>Parada, C<\/strong>., Castro, L., Colas, F., Schneider, W. <strong>2012<\/strong>. Modeling transport and survival of anchoveta eggs and yolk\u2013sac larvae in the coastal zone off central-southern Chile: Assessing spatial and temporal spawning parameters, Progress in oceanography. doi:10.1016\/j.pocean.2011.07.001.(ISI).<\/p>\n<p style=\"text-align: justify\">Ospina-\u00c1lvarez, A., Palomera, I., <strong>Parada, C<\/strong>. <strong>2011<\/strong>. Changes in egg buoyancy during development and its effects on the vertical distribution of anchovy eggs. Fisheries Research. doi:10.1016\/j.fishres.2011.01.030.(ISI).<\/p>\n<p style=\"text-align: justify\"><strong>Parada, C<\/strong>., Nu\u00f1ez, S., Correa-Ram\u00edrez, M., V\u00e1squez, S., Sep\u00falveda, A., Hormazabal, S., Combes, V. and Di Lorenzo, E. <strong>2010<\/strong>. Advances in biophysical modeling of Chilean jack mackerel in the South Pacific. ICES CM 2010\/L:20. 32 p.(ISI).<\/p>\n<p style=\"text-align: justify\">Ernst, B., Manr\u00edquez, P., Orensanz, J.M. (Lobo), Roa, R., Chamorro, J., <strong>Parada, C.<\/strong> <strong>2010<\/strong>. Strengthening of traditional territorial tenure system through protagonism in monitoring activities by Lobster fishermen from Juan Fernandez Islands (Chile). Bulletin of Marine Sciences. 86(2):315-338. (ISI).<\/p>\n<p style=\"text-align: justify\"><strong>Parada, C,<\/strong> Armstrong, D, Ernst, B, Hinckley, S, Orensanz, J.M. (Lobo). <strong>2010<\/strong>. Spatial dynamics of snow crab (Chionoecetes opilio) in the Eastern Bering Sea-Putting together the pieces of the puzzle. Bulletin of Marine Sciences. 86(2):413-437. (ISI).<\/p>\n<p style=\"text-align: justify\">Hinckley, S., J.M. Napp, A.J. Hermann, C. <strong>Parada. 2009<\/strong>. Simulation of physically mediated variability in prey resources of a larval fish: a three-dimensional NPZ model.\u00a0 (p 201-223) Fisheries Oceanography, 18(4):201-223. (ISI). DOI: 10.1111\/j.1365-2419.2009.00505.x.<\/p>\n<p style=\"text-align: justify\"><strong>Parada, C.,<\/strong> Mullon, C., Roy, C., Freon, P., Hutchings, L., Van der Lingen, C. <strong>2008<\/strong>, Does vertical migratory behaviour retain fish larvae inshore in upwelling ecosystems? A modeling study of anchovy in the southern Benguela, African Journal of Marine Science. 18(3): 437-452. (ISI).<\/p>\n<p style=\"text-align: justify\">Lett, C., Verley, P., Mullon, C., <strong>Parada, C.<\/strong>, Brochier, T., Penven, Blanke, B., <strong>2008<\/strong>, A Lagrangian tool for modelling ichthyoplankton dynamics. Environmental Modelling &amp; Software. 23. 1210, 1214. (ISI).<\/p>\n<p style=\"text-align: justify\">Brickman, D., Adlandsvik, B., Thygesen, U.H., <strong>Parada, C.<\/strong>, Rose, K., and Hermann, A., <strong>2008<\/strong>, Manual for recommended practices: Best Practices for particle tracking. Workshop on advances in modeling physical-biological interactions in fish early-life history: recommended practices and future decisions (the WKAMF Manual of Recommended Practices (MRP). Editors: North E., Gallego, A., Petigas, P. ICES Working Group on Modeling Physical-Biological Interactions (WGPBI) members http:\/\/northweb.hpl.umces.edu\/wkamf\/WKAMF-MRP_FinalDraft_24March08.pdf<\/p>\n<p style=\"text-align: justify\">Vaz, A. C., <strong>Parada, C.<\/strong>, Palma, E., Muelbert, J. H. &amp; Campos, E. J. D., <strong>2007<\/strong>, Modeling transport and retention of Engraulis anchoita Hubbs &amp; Marini, 1935 (Clupeiformes, Engraulidae) early life stages along the Southwestern Atlantic continental shelf. Pan-American Journal of Aquatic Sciences, 2:179-190.<\/p>\n<p style=\"text-align: justify\">Mullon, C., Fr\u00e9on, P., <strong>Parada, C<\/strong>., van der Lingen, C., and Huggett, J, <strong>2003<\/strong>, From particles to individuals: modeling the early stages of anchovy in the Southern Benguela, Fisheries Oceanography, Vol. 12. No. 4, 396-406. (ISI).<\/p>\n<p style=\"text-align: justify\"><strong>Parada, C<\/strong>., van der Lingen C.D., Mullon C., Penven P, <strong>2003<\/strong>, Modelling the effect of buoyancy on the transport of anchovy (Engraulis capensis) eggs from spawning to nursery grounds in the southern Benguela: an IBM approach. Fisheries Oceanography, 12(3):170-184 (ISI).<\/p>\n<p style=\"text-align: justify\">Mullon, C., <strong>Parada, C<\/strong>., Cury, P., Huggett, J., Fr\u00e9on, P., van der Lingen, C., Penven, P.,Moloney, C., and Richardson, A, <strong>2002<\/strong>. Individual Based Modelling (IBM) of the early stages of anchovy in the southern Benguela system. In Report of a GLOBEC-SPACC\/IDYLE\/ENVIFISH workshop on Spatial Approaches to the Dynamics of Coastal Pelagic Resources and their Environment in Upwelling Areas. Ed. by C. D. van der Lingen, C. Roy, P. Fr\u00e9on, M. Barange, L. Castro, M. Gutierrez, L. Nykjaer., and F. Shillington. GLOBEC Report, Vol. 16, 87-89.<\/p>\n<p style=\"text-align: justify\"><strong>Parada, C<\/strong>. Sobarzo, M, Figueroa, D., Castro, L. <strong>2001<\/strong>. Circulation of the Arauco Gulf in a period of seasonal transition: A new focus. Investigaciones Marinas, 29(1): 11-23.<\/p>\n<p style=\"text-align: justify\">\n","protected":false},"excerpt":{"rendered":"<p>Cargo: Profesora Asociada \u00a0 \/\u00a0\u00a0 Directora de Mag\u00edster Tel\u00e9fono: 2204136 Oficina: 438 \u00a0 \/\u00a0\u00a0 Mail: carolina.parada@dgeo.udec.cl\u00a0 \u00a0 \u00a0\/ Estudios: Biolog\u00eda Marina, Universidad de Concepci\u00f3n, 1994. M\u00e1ster en Ciencias menci\u00f3n Oceanograf\u00eda, Universidad de Concepci\u00f3n, 1999. PhD in Oceanography, University of Cape Town, South Africa, 2003. Post-Doc, Joint Institute for the Study of the Atmosphere and Ocean [&hellip;]<\/p>\n","protected":false},"author":2,"featured_media":0,"parent":17,"menu_order":0,"comment_status":"closed","ping_status":"closed","template":"","meta":{"footnotes":""},"class_list":["post-751","page","type-page","status-publish","hentry"],"_links":{"self":[{"href":"https:\/\/www.dgeo.udec.cl\/dev\/wp-json\/wp\/v2\/pages\/751","targetHints":{"allow":["GET"]}}],"collection":[{"href":"https:\/\/www.dgeo.udec.cl\/dev\/wp-json\/wp\/v2\/pages"}],"about":[{"href":"https:\/\/www.dgeo.udec.cl\/dev\/wp-json\/wp\/v2\/types\/page"}],"author":[{"embeddable":true,"href":"https:\/\/www.dgeo.udec.cl\/dev\/wp-json\/wp\/v2\/users\/2"}],"replies":[{"embeddable":true,"href":"https:\/\/www.dgeo.udec.cl\/dev\/wp-json\/wp\/v2\/comments?post=751"}],"version-history":[{"count":57,"href":"https:\/\/www.dgeo.udec.cl\/dev\/wp-json\/wp\/v2\/pages\/751\/revisions"}],"predecessor-version":[{"id":8579,"href":"https:\/\/www.dgeo.udec.cl\/dev\/wp-json\/wp\/v2\/pages\/751\/revisions\/8579"}],"up":[{"embeddable":true,"href":"https:\/\/www.dgeo.udec.cl\/dev\/wp-json\/wp\/v2\/pages\/17"}],"wp:attachment":[{"href":"https:\/\/www.dgeo.udec.cl\/dev\/wp-json\/wp\/v2\/media?parent=751"}],"curies":[{"name":"wp","href":"https:\/\/api.w.org\/{rel}","templated":true}]}}