{"id":6951,"date":"2019-04-25T17:01:21","date_gmt":"2019-04-25T20:01:21","guid":{"rendered":"http:\/\/www.dgeo.udec.cl\/dev\/?page_id=6951"},"modified":"2019-10-16T08:49:31","modified_gmt":"2019-10-16T11:49:31","slug":"tesis-de-pregrado","status":"publish","type":"page","link":"https:\/\/www.dgeo.udec.cl\/dev\/tesis-de-pregrado\/","title":{"rendered":"Egresados(as) y Tesis de Pregrado"},"content":{"rendered":"\n<p><a href=\"http:\/\/www.dgeo.udec.cl\/dev\/tesis-ordenadas-por-ano-de-publicacion\/\">Ordenadas por a\u00f1o de publicaci\u00f3n<\/a><\/p>\n\n\n\n<p><a href=\"http:\/\/www.dgeo.udec.cl\/dev\/tesis-ordenadas-por-area-tematica\/\">Ordenadas por \u00e1rea tem\u00e1tica<\/a><\/p>\n\n\n\n<p><a href=\"http:\/\/www.dgeo.udec.cl\/dev\/investigacion\/centro-de-publicaciones\/tesis\/\">Ordenadas por apellido del autor<\/a><\/p>\n","protected":false},"excerpt":{"rendered":"<p>Ordenadas por a\u00f1o de publicaci\u00f3n Ordenadas por \u00e1rea tem\u00e1tica Ordenadas por apellido del autor<\/p>\n","protected":false},"author":7,"featured_media":0,"parent":0,"menu_order":0,"comment_status":"closed","ping_status":"closed","template":"","meta":{"footnotes":""},"class_list":["post-6951","page","type-page","status-publish","hentry"],"_links":{"self":[{"href":"https:\/\/www.dgeo.udec.cl\/dev\/wp-json\/wp\/v2\/pages\/6951","targetHints":{"allow":["GET"]}}],"collection":[{"href":"https:\/\/www.dgeo.udec.cl\/dev\/wp-json\/wp\/v2\/pages"}],"about":[{"href":"https:\/\/www.dgeo.udec.cl\/dev\/wp-json\/wp\/v2\/types\/page"}],"author":[{"embeddable":true,"href":"https:\/\/www.dgeo.udec.cl\/dev\/wp-json\/wp\/v2\/users\/7"}],"replies":[{"embeddable":true,"href":"https:\/\/www.dgeo.udec.cl\/dev\/wp-json\/wp\/v2\/comments?post=6951"}],"version-history":[{"count":8,"href":"https:\/\/www.dgeo.udec.cl\/dev\/wp-json\/wp\/v2\/pages\/6951\/revisions"}],"predecessor-version":[{"id":7424,"href":"https:\/\/www.dgeo.udec.cl\/dev\/wp-json\/wp\/v2\/pages\/6951\/revisions\/7424"}],"wp:attachment":[{"href":"https:\/\/www.dgeo.udec.cl\/dev\/wp-json\/wp\/v2\/media?parent=6951"}],"curies":[{"name":"wp","href":"https:\/\/api.w.org\/{rel}","templated":true}]}}