{"id":630,"date":"2012-11-23T14:06:24","date_gmt":"2012-11-23T17:06:24","guid":{"rendered":"\/?page_id=630"},"modified":"2019-10-17T12:21:02","modified_gmt":"2019-10-17T15:21:02","slug":"ignacia-calisto","status":"publish","type":"page","link":"https:\/\/www.dgeo.udec.cl\/dev\/nosotros\/integrantes\/academicos\/ignacia-calisto\/","title":{"rendered":"Ignacia Calisto Burgos"},"content":{"rendered":"<table style=\"width: 100%\" border=\"1\">\n<tbody>\n<tr>\n<td style=\"vertical-align: top;width: 47.931%\" rowspan=\"7\" valign=\"top\"><img loading=\"lazy\" decoding=\"async\" class=\"aligncenter wp-image-7302 size-full\" src=\"http:\/\/www.dgeo.udec.cl\/dev\/wp-content\/uploads\/sites\/12\/2019\/07\/lideres-del-sur-6_0.jpg\" alt=\"\" width=\"836\" height=\"1218\" srcset=\"https:\/\/www.dgeo.udec.cl\/dev\/wp-content\/uploads\/sites\/12\/2019\/07\/lideres-del-sur-6_0.jpg 836w, https:\/\/www.dgeo.udec.cl\/dev\/wp-content\/uploads\/sites\/12\/2019\/07\/lideres-del-sur-6_0-420x612.jpg 420w, https:\/\/www.dgeo.udec.cl\/dev\/wp-content\/uploads\/sites\/12\/2019\/07\/lideres-del-sur-6_0-744x1084.jpg 744w, https:\/\/www.dgeo.udec.cl\/dev\/wp-content\/uploads\/sites\/12\/2019\/07\/lideres-del-sur-6_0-768x1119.jpg 768w\" sizes=\"auto, (max-width: 836px) 100vw, 836px\" \/><\/td>\n<\/tr>\n<tr>\n<td style=\"text-align: justify;width: 50.6897%\">\n<p><strong>Cargo: <\/strong>Profesora Asistente\u00a0\u00a0 \/\u00a0\u00a0\u00a0 <strong>Tel\u00e9fono:<\/strong> 2203154<\/p>\n<p><strong>Oficina:<\/strong> 433 \u00a0 \/\u00a0\u00a0 <strong>Mail:<\/strong> icalisto<\/td>\n<\/tr>\n<tr>\n<td style=\"text-align: justify;width: 50.6897%\"><strong>Estudios:\u00a0 <\/strong><br \/>\nLicenciatura en F\u00edsica, Universidad de Concepci\u00f3n, 2004.<br \/>\nDoctorado en Ciencias F\u00edsicas, Universidad de Concepci\u00f3n, 2009.<\/td>\n<\/tr>\n<tr>\n<td style=\"text-align: justify;width: 50.6897%\"><strong>L\u00edneas de Investigaci\u00f3n:\u00a0<\/strong><br \/>\nPropagaci\u00f3n de Ondas S\u00edsmicas, Scattering, Tsunamis<\/td>\n<\/tr>\n<tr>\n<td style=\"text-align: justify;width: 50.6897%\"><a href=\"\/wp-content\/uploads\/sites\/12\/2012\/11\/cv_calisto_marzo-2016.pdf\" target=\"_blank\" rel=\"noopener noreferrer\"><strong>Curr\u00edculum<\/strong><\/a> (pdf) \/ <a href=\"http:\/\/cl.linkedin.com\/pub\/ignacia-calisto\/32\/522\/6aa\" target=\"_blank\" rel=\"noopener noreferrer\">M\u00e1s informaci\u00f3n<\/a><\/td>\n<\/tr>\n<tr>\n<td style=\"text-align: justify;width: 50.6897%\"><strong>Docencia: <\/strong><br \/>\nHerramientas Cuantitativas para el An\u00e1lisis de Datos en Geociencias.<br \/>\nLaboratorio de Computaci\u00f3n Cient\u00edfica.<br \/>\nT\u00f3picos para primer, tercer y cuarto a\u00f1o de la carrera de Geof\u00edsica.<br \/>\nElectromagnetismo para Geof\u00edsica y Astronom\u00eda.<br \/>\nTsunami: Teor\u00eda y modelaci\u00f3n (Curso para la carrera de Geof\u00edsica).<br \/>\nAn\u00e1lisis de Datos Sismol\u00f3gicos (Curso dictado para la carrera de Geof\u00edsica).<br \/>\nF\u00edsica II: Campos y Ondas.<br \/>\nProfesor Gu\u00eda de Habilitaciones profesionales en el \u00e1rea de tsunami y sismolog\u00eda.<strong><br \/>\n<\/strong><\/td>\n<\/tr>\n<tr>\n<td style=\"width: 50.6897%\"><strong>P\u00e1gina Personal <\/strong><\/td>\n<\/tr>\n<\/tbody>\n<\/table>\n<p><strong><span style=\"text-decoration: underline\">Proyectos:<\/span><\/strong><\/p>\n<p>\u201cN\u00facleo Milenio Cyclo: el Ciclo S\u00edsmico a lo largo de Zonas de Subducci\u00f3n\u201d. D. Melnick, A. Tassara, M. Cisternas, G. Montalba. Investigador joven: I. Calisto. N\u00facleo Milenio, Iniciativa Milenio Ministerio de Econom\u00eda. (2017-2020)<\/p>\n<p>Proyecto INNOVA BIO BIO N\u00b0 15.5-IN.IIP \u201cSistema Integrado de observaci\u00f3n del Oc\u00e9ano en la\u00a0Regi\u00f3n del Bio B\u00edo\u201d. Desde 2015 a 2018.<\/p>\n<p>Proyecto de colaboraci\u00f3n CONICYT\/DAAD 2011-738, titulado \u201cPassive image interferometry for\u00a0the observation of current tectonic and volcanic processes\u201d. Desde 2012 a 2013.<\/p>\n<p>Proyecto N\u00b0 J11-00768, titulado \u201cOperating Management of Earthquake, Tsunami, and Volcano\u00a0Eruption Observation System\u201d. Marzo a septiembre de 2012. Este proyecto\u00a0forma parte del curso organizado y financiado por JICA y Universidad de Nagoya antes mencionado.<\/p>\n<p style=\"text-align: justify\">Postdoctorado FONDECYT N\u00b0 3100095, titulado \u201cOrigen de la coda s\u00edsmica en el manto y en el\u00a0n\u00facleo externo\u201d, realizado entre julio de 2009 y septiembre de 2011.<\/p>\n<p><span style=\"color: #000000\">\u00a0<\/span><\/p>\n<p><strong><span style=\"text-decoration: underline\">Lista de publicaciones.<\/span><\/strong><\/p>\n<p>Todas las publicaciones de la profesora Calisto las puedes ver en este <a href=\"https:\/\/scholar.google.de\/citations?user=68nvIQkAAAAJ&amp;hl=en&amp;oi=ao\">link<\/a><a href=\"https:\/\/scholar.google.de\/citations?user=rjr5R3kAAAAJ&amp;hl=en&amp;oi=ao\">.<\/a><\/p>\n<p style=\"text-align: justify\">Bataille K. and <strong>Calisto I.<\/strong>, 2008. <a href=\"\/wp-content\/uploads\/sites\/12\/2012\/11\/bataille_calisto_08.pdf\" target=\"_blank\" rel=\"noopener noreferrer\">Seismic coda due to non\u00adlinear elasticity, Geophys<\/a>. J. Int., 172, 2,\u00a0572-580.<\/p>\n<p style=\"text-align: justify\"><strong>Calisto I.<\/strong>, Bataille K., Stiller M. and Mechie J., 2010. <a href=\"\/wp-content\/uploads\/sites\/12\/2012\/11\/ignacia_etal.pdf\" target=\"_blank\" rel=\"noopener noreferrer\">Evidence that non\u00adlinear elasticity contributes\u00a0 to the seismic coda, Goephys<\/a>. J. Int., 180, 1353-1358.<\/p>\n<p style=\"text-align: justify\"><strong>Calisto I.<\/strong> and Bataille K., 2014. <a href=\"\/wp-content\/uploads\/sites\/12\/2012\/11\/Geophys.-J.-Int.-2014-Calisto-382-90.pdf\" target=\"_blank\" rel=\"noopener noreferrer\">Envelope of coda waves for a double couple source due to non-linear elasticity<\/a>, Goephys. J. Int., 199, 382-390.<\/p>\n<p style=\"text-align: justify\"><strong>Calisto I.<\/strong>, Ortega M. and Miller M., 2015. Observed and modeled tsunami signals compared by using\u00a0different rupture models of the April 1st 2014, Iquique earthquake, Nat. Hazards, 79, 397-408.<\/p>\n<p style=\"text-align: justify\"><strong>Calisto I.<\/strong>, Miller M., Constanzo, I., 2016. Comparison between tsunami signals generated by different\u00a0source models and the observed data of the Illapel 2015 Earthquake, Pure and Appl. Geophys., Online\u00a0First.<\/p>\n<p style=\"text-align: justify\"><span style=\"text-decoration: underline\"><strong>Consultor\u00eda:<\/strong><\/span><\/p>\n<p style=\"text-align: justify\">Consultor \u201cTsunami del 27 de febrero de 2010\u201d. Mandante: Fiscal\u00eda Occidente. Rol: Generar y simular tsunamis producto del terremoto de 27 de febrero de 2010 usando seis diferentes modelos de distribuci\u00f3n de deslizamientos para la comparaci\u00f3n con las se\u00f1ales observadas y simular se\u00f1ales en distintas \u00e1reas. Consultor<\/p>\n<p style=\"text-align: justify\">\u201cEstudio de riesgo de inundaci\u00f3n sector Bah\u00eda Chomache, Regi\u00f3n de Tarapac\u00e1, para el proyecto Espejo de Tarapac\u00e1\u201d. Mandante Teresa Soffia. Rol: recopilar los antecedentes s\u00edsmicos de la regi\u00f3n, elecci\u00f3n de escenarios, modelaci\u00f3n num\u00e9rica de tsunamis generados por los escenarios y finalmente la construcci\u00f3n de los mapas de inundaci\u00f3n.<\/p>\n","protected":false},"excerpt":{"rendered":"<p>Cargo: Profesora Asistente\u00a0\u00a0 \/\u00a0\u00a0\u00a0 Tel\u00e9fono: 2203154 Oficina: 433 \u00a0 \/\u00a0\u00a0 Mail: icalisto Estudios:\u00a0 Licenciatura en F\u00edsica, Universidad de Concepci\u00f3n, 2004. Doctorado en Ciencias F\u00edsicas, Universidad de Concepci\u00f3n, 2009. L\u00edneas de Investigaci\u00f3n:\u00a0 Propagaci\u00f3n de Ondas S\u00edsmicas, Scattering, Tsunamis Curr\u00edculum (pdf) \/ M\u00e1s informaci\u00f3n Docencia: Herramientas Cuantitativas para el An\u00e1lisis de Datos en Geociencias. Laboratorio de Computaci\u00f3n [&hellip;]<\/p>\n","protected":false},"author":2,"featured_media":0,"parent":17,"menu_order":0,"comment_status":"closed","ping_status":"closed","template":"","meta":{"footnotes":""},"class_list":["post-630","page","type-page","status-publish","hentry"],"_links":{"self":[{"href":"https:\/\/www.dgeo.udec.cl\/dev\/wp-json\/wp\/v2\/pages\/630","targetHints":{"allow":["GET"]}}],"collection":[{"href":"https:\/\/www.dgeo.udec.cl\/dev\/wp-json\/wp\/v2\/pages"}],"about":[{"href":"https:\/\/www.dgeo.udec.cl\/dev\/wp-json\/wp\/v2\/types\/page"}],"author":[{"embeddable":true,"href":"https:\/\/www.dgeo.udec.cl\/dev\/wp-json\/wp\/v2\/users\/2"}],"replies":[{"embeddable":true,"href":"https:\/\/www.dgeo.udec.cl\/dev\/wp-json\/wp\/v2\/comments?post=630"}],"version-history":[{"count":68,"href":"https:\/\/www.dgeo.udec.cl\/dev\/wp-json\/wp\/v2\/pages\/630\/revisions"}],"predecessor-version":[{"id":7451,"href":"https:\/\/www.dgeo.udec.cl\/dev\/wp-json\/wp\/v2\/pages\/630\/revisions\/7451"}],"up":[{"embeddable":true,"href":"https:\/\/www.dgeo.udec.cl\/dev\/wp-json\/wp\/v2\/pages\/17"}],"wp:attachment":[{"href":"https:\/\/www.dgeo.udec.cl\/dev\/wp-json\/wp\/v2\/media?parent=630"}],"curies":[{"name":"wp","href":"https:\/\/api.w.org\/{rel}","templated":true}]}}