{"id":5524,"date":"2017-01-25T18:07:49","date_gmt":"2017-01-25T21:07:49","guid":{"rendered":"http:\/\/www.dgeo.udec.cl\/dev\/?page_id=5524"},"modified":"2024-08-30T09:59:34","modified_gmt":"2024-08-30T12:59:34","slug":"martin-jacques-coper","status":"publish","type":"page","link":"https:\/\/www.dgeo.udec.cl\/dev\/nosotros\/integrantes\/academicos\/martin-jacques-coper\/","title":{"rendered":"Mart\u00edn Jacques Coper"},"content":{"rendered":"\n<p><strong>Curr\u00edculum<\/strong><\/p>\n\n\n\n<figure class=\"wp-block-table\"><table><tbody><tr><td rowspan=\"8\"><img loading=\"lazy\" decoding=\"async\" class=\"aligncenter wp-image-7289 size-full\" src=\"http:\/\/www.dgeo.udec.cl\/dev\/wp-content\/uploads\/sites\/12\/2019\/07\/DSCN2998-copia.jpg\" alt=\"\" width=\"1172\" height=\"1731\" srcset=\"https:\/\/www.dgeo.udec.cl\/dev\/wp-content\/uploads\/sites\/12\/2019\/07\/DSCN2998-copia.jpg 1172w, https:\/\/www.dgeo.udec.cl\/dev\/wp-content\/uploads\/sites\/12\/2019\/07\/DSCN2998-copia-420x620.jpg 420w, https:\/\/www.dgeo.udec.cl\/dev\/wp-content\/uploads\/sites\/12\/2019\/07\/DSCN2998-copia-744x1099.jpg 744w, https:\/\/www.dgeo.udec.cl\/dev\/wp-content\/uploads\/sites\/12\/2019\/07\/DSCN2998-copia-768x1134.jpg 768w\" sizes=\"auto, (max-width: 1172px) 100vw, 1172px\" \/><\/td><\/tr><tr><td><strong>Cargo:<\/strong> Profesor Asociado \/ Director de Departamento<p><strong>Tel\u00e9fono:<\/strong> 2203111<\/p> <p><strong>Oficina:<\/strong> 440<\/p> <p><strong>Mail:<\/strong> <a href=\"mailto:mjacques@dgeo.udec.cl\">mjacques@dgeo.udec.cl<\/a><\/p><\/td><\/tr><tr><td><strong>Estudios: <\/strong>PhD of Science in Climate Sciences<br>Grupo de Climatolog\u00eda, Instituto de Geograf\u00eda, Universidad de Berna, Suiza, 2011-2014.\n<p>Mag\u00edster en Ciencias, menci\u00f3n Geof\u00edsica<br>Departamento de Geof\u00edsica, Universidad de Chile, Chile, 2007 \u2013 2009.<\/p>\n<p>Licenciatura en Ciencias, menci\u00f3n Geof\u00edsica<br>Departamento de Geof\u00edsica, Universidad de Chile, Chile, 2003 \u2013 2007.<\/p>\n<\/td><\/tr><tr><td><strong>L\u00edneas de Investigaci\u00f3n:<\/strong> Variabilidad clim\u00e1tica de Am\u00e9rica del Sur en diferentes escalas temporales, din\u00e1mica del clima y teleconexiones en el Hemisferio Sur, meteorolog\u00eda\/climatolog\u00eda y energ\u00edas renovables.<\/td><\/tr><tr><td><strong>Docencia: <\/strong> <p><strong>&#8211;<\/strong>Introducci\u00f3n a la Geof\u00edsica<br>-Meteorolog\u00eda y Oceanograf\u00eda F\u00edsica<br>-Variabilidad y Cambio Clim\u00e1ticos<br>-Climatolog\u00eda del Hemisferio Sur<br>-Pron\u00f3stico Meteorol\u00f3gico y Clim\u00e1tico<br>-Cambio Clim\u00e1tico y Sustentabilidad<br>-Series de Tiempo y An\u00e1lisis Estad\u00edstico de Datos Geoespaciales<br>-Fundamentos y Seminario de Investigaci\u00f3n<br><\/p><\/td><\/tr><tr><td><\/td><\/tr><\/tbody><\/table><\/figure>\n\n\n\n<h4 class=\"wp-block-heading\"><strong>Proyectos en ejecuci\u00f3n<\/strong><\/h4>\n\n\n\n<p><strong>Centro de Ciencia del Clima y Resiliencia (CR)2<\/strong><\/p>\n\n\n\n<p>Investigador principal, l\u00ednea Zona Costera: Mart\u00edn Jacques Coper<\/p>\n\n\n\n<p>Instituciones participantes: Universidad de Chile, Universidad de Concepci\u00f3n, Universidad Austral<\/p>\n\n\n\n<p>Agencia de Financiamiento: ANID\/FONDAP\/11150009, ANID\/FONDAP\/1522A0001, FONDAP\/ANID\/1523A0002<\/p>\n\n\n\n<p>Per\u00edodo de ejecuci\u00f3n: 2018-2023 (primera etapa: 2013-2017, segunda etapa 2018-2022 y puente 2023)<\/p>\n\n\n\n<p><strong>Centro de Investigaci\u00f3n Oceanogr\u00e1fica COPAS Coastal<\/strong><\/p>\n\n\n\n<p>Investigador asociado: Mart\u00edn Jacques Coper<\/p>\n\n\n\n<p>Agencia de Financiamiento: ANID\/FB210021 (Chile)<\/p>\n\n\n\n<p>Per\u00edodo de ejecuci\u00f3n: 2022-2026<\/p>\n\n\n\n<p><\/p>\n\n\n\n<p><strong>Southern hemisphere westerly wind belt dynamics during the last millennium<\/strong><\/p>\n\n\n\n<p>Co-investigador: Mart\u00edn Jacques Coper, IP: Duncan Christie (U. Austral de Chile)<\/p>\n\n\n\n<p>Agencia de Financiamiento: ANID\/FONDECYT\/1241699<\/p>\n\n\n\n<p>Per\u00edodo de ejecuci\u00f3n: 2024-2027<\/p>\n\n\n\n<p><\/p>\n\n\n\n<p><strong>Multi-scale study of environments favorable for severe thunderstorms and tornadoes in Chile<\/strong><\/p>\n\n\n\n<p>Co-investigador: Mart\u00edn Jacques Coper; IP: Julio Mar\u00edn (U. de Valpara\u00edso)<\/p>\n\n\n\n<p>Agencia de Financiamiento: ANID\/FONDECYT\/1211898 (Chile)<\/p>\n\n\n\n<p>Per\u00edodo de ejecuci\u00f3n: 2021-2024<\/p>\n\n\n\n<h4 class=\"wp-block-heading\"><strong>Proyectos terminados<\/strong><\/h4>\n\n\n\n<p><strong>Agenda socioambiental de investigaci\u00f3n para el Antropoceno: prioridades, vac\u00edos y desaf\u00edos<\/strong><\/p>\n\n\n\n<p>Coinvestigador: Mart\u00edn Jacques Coper; IP: J. Crist\u00f3bal Pizarro (U. de Concepci\u00f3n)<\/p>\n\n\n\n<p>Instituci\u00f3n patrocinante: Universidad de Concepci\u00f3n<\/p>\n\n\n\n<p>Agencia Financiamiento: UdeC-VRID Multidisciplinaria 2020.141.024-M<\/p>\n\n\n\n<p>Periodo de ejecuci\u00f3n: 2020-2022<\/p>\n\n\n\n<p><strong>Temporal dynamics of nitrous oxide and methane in an embayment of the West Antarctic Peninsula (WAP): from daily to inter-annual variability<\/strong><\/p>\n\n\n\n<p>Coinvestigador: Mart\u00edn Jacques Coper; IP: Laura Far\u00edas (U. de Concepci\u00f3n)<\/p>\n\n\n\n<p>Instituci\u00f3n patrocinante: Universidad de Concepci\u00f3n<\/p>\n\n\n\n<p>Agencia Financiamiento: INACh, Regular, RT_05_18<\/p>\n\n\n\n<p>Periodo de ejecuci\u00f3n: 2019-2021<\/p>\n\n\n\n<p><strong>Heat waves in Central Chile and their predictability: our possible tropical connection?<\/strong><\/p>\n\n\n\n<p>CONICYT-FONDECYT11170486<\/p>\n\n\n\n<p>Investigador Principal: Mart\u00edn Jacques Coper<\/p>\n\n\n\n<p>Per\u00edodo: 2018-2020<\/p>\n\n\n\n<p><strong>Inserci\u00f3n en Meteorolog\u00eda y Clima<\/strong><\/p>\n\n\n\n<p>CONICYT-PAI79160105<\/p>\n\n\n\n<p>Investigador Principal: Mart\u00edn Jacques Coper<\/p>\n\n\n\n<p>Per\u00edodo: 2017-2019<\/p>\n\n\n\n<h4 class=\"wp-block-heading\"><strong>Publicaciones<\/strong><\/h4>\n\n\n\n<p>Todas las publicaciones del profesor Jacques tambi\u00e9n las puedes ver en este <a href=\"https:\/\/scholar.google.de\/citations?user=iAnJLBsAAAAJ&amp;hl=en&amp;oi=ao\">link<\/a><a href=\"https:\/\/scholar.google.de\/citations?user=rjr5R3kAAAAJ&amp;hl=en&amp;oi=ao\">.<\/a><\/p>\n\n\n\n<ul class=\"wp-block-list\">\n<li><\/li>\n<\/ul>\n\n\n\n<p>Carrasco-Escaff, T.; Garreaud, R.D.; Bozkurt, D.;\u00a0<strong>Jacques-Coper, M.<\/strong>; Pauchard, A. (2024): The key role of extreme weather and climate change in the occurrence of exceptional fire seasons in south-central Chile, Weather and Climate Extremes, https:\/\/doi.org\/10.1016\/j.wace.2024.100716<\/p>\n\n\n\n<p><\/p>\n\n\n\n<p>Castillo-Llarena, A., Retamal-Ram\u00edrez, F., Bernales, J., <strong>Jacques-Coper, M.<\/strong>, Prange, M., Rogozhina, I. (2024): Climate and ice sheet dynamics in Patagonia throughout marine isotope stages 2 and 3, Clim. Past, 20, 1559\u20131577, https:\/\/doi.org\/10.5194\/cp-20-1559-2024, 2024.<\/p>\n\n\n\n<p><\/p>\n\n\n\n<p>Mar\u00edn, J.C., Guti\u00e9rrez, F., Gensini, V.A., Barrett, B., Pozo, D., <strong>Jacques-Coper, M.<\/strong>, Veloso-\u00c1guila, D. (2024): Climatological aspects of notable tornado events in Chile, Mon. Wea. Rev., https:\/\/doi.org\/10.1175\/MWR-D-23-0249.1, in press.<\/p>\n\n\n\n<p><\/p>\n\n\n\n<p>Garreaud, R.D.; <strong>Jacques-Coper, M.<\/strong>; Mar\u00edn, J.C.; Narv\u00e1ez, D.A. (2024): Atmospheric Rivers in South-Central Chile: Zonal and Tilted Events. Atmosphere, 15, 406. https:\/\/doi.org\/10.3390\/ atmos15040406<\/p>\n\n\n\n<p><\/p>\n\n\n\n<p>Aguayo, R., Le\u00f3n-Mu\u00f1oz, J., Aguayo, M., Baez-Villanueva, O., Zambrano-Bigiarini, M., Fern\u00e1ndez, A., <strong>Jacques-Coper, M.<\/strong>&nbsp;(2024): PatagoniaMet: A multi-source hydrometeorological dataset for Western Patagonia, Scientific Data, 11, 6, <a href=\"https:\/\/doi.org\/10.1038\/s41597-023-02828-2\">https:\/\/doi.org\/10.1038\/s41597-023-02828-2<\/a>.<\/p>\n\n\n\n<p><\/p>\n\n\n\n<p>Gonz\u00e1lez-Reyes, A.,<strong>&nbsp;Jacques-Coper, M.<\/strong>, Bravo, C., Rojas, M., Garreaud, R. (2023): Evolution of heataves in Chile since 1980, Weather and Climate Extremes, 41, 100588, <a href=\"https:\/\/doi.org\/10.1016\/j.wace.2023.100588\">https:\/\/doi.org\/10.1016\/j.wace.2023.100588<\/a><\/p>\n\n\n\n<p><strong>Jacques-Coper, M.<\/strong>, Segura, C., de la Torre, M.B., Valdebenito, P., V\u00e1squez, S.I., Narv\u00e1ez, D. (2023): <a href=\"https:\/\/www.frontiersin.org\/articles\/10.3389\/fmars.2023.1160230\/full\">Synoptic-to-intraseasonal atmospheric modulation of phytoplankton biomass in the Inner Sea of Chilo\u00e9, Northwest Patagonia (42.5\u00ba-43.5\u00baS, 72.5\u00ba-74\u00baW),<\/a> Chile, <em>Front. Mar. Sci.<\/em>&nbsp;Sec. Coastal Ocean Processes, 10, doi:10.3389\/fmars.2023.1160230<\/p>\n\n\n\n<p>Carrasco, D., Pizarro, O., <strong>Jacques-Coper, M.<\/strong>, Narv\u00e1ez, D. A. (2023): Main drivers of marine heat waves in the eastern South Pacific, <em>Frontiers in Marine Science<\/em>, 10, doi:10.3389\/fmars.2023.1129276<\/p>\n\n\n\n<p><strong>Jacques-Coper, M.<\/strong>, Ortiz-Guzm\u00e1n, V., Zanelli, J. (2022): Simplified two-dimensional model for global atmospheric dynamics, <em>Physics of Fluids<\/em>&nbsp;34, 116610, doi:10.1063\/5.0119855<\/p>\n\n\n\n<p>Demortier, A., Bozkurt, D. and <strong>Jacques-Coper, M.<\/strong> (2021) Identifying key driving mechanisms of heat waves in central Chile. Clim Dyn, in press, <a href=\"https:\/\/link.springer.com\/article\/10.1007\/s00382-021-05810-z\">doi:10.1007\/s00382-021-05810-z<\/a><\/p>\n\n\n\n<p><strong>Jacques\u2010Coper, M<\/strong>., Veloso\u2010Aguila, D., Segura, C. and Valencia, A. (2021), Intraseasonal teleconnections leading to heat waves in central Chile. Int J Climatol, in press, doi:10.1002\/joc.7096 &lt;<a href=\"https:\/\/doi.org\/10.1002\/joc.7096\" target=\"_blank\" rel=\"noopener noreferrer\">https:\/\/doi.org\/10.1002\/joc.7096<\/a>&gt;<\/p>\n\n\n\n<p>Gonz\u00e1lez-Reyes, \u00c1., <strong>Jacques-Coper, M.<\/strong>, Mu\u00f1oz, A. (2020), Seasonal precipitation in South-Central Chile: trends in extreme events since 1900, Atm\u00f3sfera, in press, doi:10.20937\/ATM.52871<\/p>\n\n\n\n<p>Gubler S., Sedlmeier K., Bhend J., Avalos G., Coelho C., Escajadillo Y., <strong>Jacques-Coper M.,<\/strong> Martinez R., Schwierz C., Skansi M., Spirig Ch. (2020), Assessment of ECMWF SEAS5 seasonal forecast performance in South America, Weather and Forecasting, Volume 35; DOI: 10.1175\/WAF-D-19-0106.1.<\/p>\n\n\n\n<p><span class=\"\">Barrett B.S., Mar\u00edn J.,&nbsp;<b class=\"\">Jacques-Coper M.&nbsp;<\/b>(2020), A multiscale analysis of the tornadoes of 30\u201331 May 2019 in south-central Chile, Atmospheric Research, 236, doi:10.1016\/j.atmosres.2019.104811<\/span><\/p>\n\n\n\n<p>Imfeld N., Barreto Schuler C., Correa Marrou K.M., <b class=\"\">Jacques\u2010Coper M.<\/b>, Sedlmeier K., Gubler S., Huerta A., &nbsp;Br\u00f6nnimann S. (2019), \u00abSummertime precipitation deficits in the southern Peruvian highlands since 1964\u00bb; Int J Climatol, 1\u2013 17, doi:10.1002\/joc.6087. <a href=\"https:\/\/rmets.onlinelibrary.wiley.com\/doi\/10.1002\/joc.6087\">https:\/\/rmets.onlinelibrary.wiley.com\/doi\/10.1002\/joc.6087<\/a><\/p>\n\n\n\n<p>D\u00e4twyler Ch., Neukom R., Abram N., Gallant A., Grosjean M., <strong>Jacques-Coper M<\/strong>., Karoly D., Villalba R. (2017): Teleconnection stationarity, variability and trends of the Southern Annular Mode (SAM) during the last millennium, Climate Dynamics, 1-19, doi:10.1007\/s00382-017-4015-0.<\/p>\n\n\n\n<p>Br\u00f6nnimann S., <strong>Jacques-Coper M<\/strong>., Rozanov E., Fischer, A., Morgenstern, O.,Zeng, G., Akiyoshi, H., Yamashita, Y. (2017), Tropical Circulation and Precipitation Response to Ozone Depletion and Recovery, Environmenta Research Letters, 12, 064011, doi: 10.1088\/1748-9326\/aa7416<\/p>\n\n\n\n<p>Rosas G., Gubler S., Oria C., Acu\u00f1a D., Avalos G., Begert M., Castillo E., Croci-Maspoli M., Cubas F., Dapozzo M., D\u00edaz M., van Geijtenbeek D., <strong>Jacques M<\/strong>., Konzelmann T., Lavado W., Matos A., Mauchle F., Rohrer M., Rossa A., Scherrer S.C., Valdez M., Valverde M., Villar G., Villegas E. (2016), Towards implementing climate services in Peru \u2013 The project CLIMANDES, Climate Services, doi: 10.1016\/j.cliser.2016.10.001<\/p>\n\n\n\n<p><strong>Jacques-Coper M.<\/strong>, Br\u00f6nnimann S., Martius O., Vera C.S., Cerne S.B. (2015), Evidence for a tropical modulation of the intraseasonal summer temperature in Eastern Patagonia, Journal of Geophysical Research-Atmospheres, doi:10.1002\/2014JD022924<\/p>\n\n\n\n<p><strong>Jacques-Coper M<\/strong>., Br\u00f6nnimann S., Martius O., Vera C.S., Cerne S.B. (2015), Summer heat waves in Southeastern Patagonia: an analysis of the intraseasonal timescale, International Journal of Climatology, doi:10.1002\/joc.4430<\/p>\n\n\n\n<p>Elbert J., <strong>Jacques-Coper M<\/strong>., van Daele M., Urrutia R., Grosjean M. (2015): A 600 years warm-season temperature record from varved sediments of Lago Plomo, Northern Patagonia, Chile (47\u00b0S), Quaternary International, 377, 28\u201337, doi: 10.1016\/j.quaint.2015.01.004<\/p>\n\n\n\n<p><strong>Jacques-Coper M<\/strong>. and Br\u00f6nnimann S. (2014): Summer temperature in the eastern part of southern South America: its variability in the twentieth century and a teleconnection with Oceania. Climate Dynamics, 43, 2111\u20132130, doi:10.1007\/s00382-013-2038-8.<\/p>\n\n\n\n<p><strong>Jacques-Coper M<\/strong>. and Garreaud R.D. (2014): Characterization of the 1970s climate shift in South America. International Journal of Climatology, 35, 2164\u20132179, doi:10.1002\/joc.4120.<\/p>\n\n\n\n<p><strong>Jacques-Coper M<\/strong>., Falvey M., and Mu\u00f1oz R. (2014): Inter-daily variability of a strong thermally-driven wind system over the Atacama Desert of South America: synoptic forcing and short-term predictability using the GFS global model. Theoretical and Applied Climatology, 1\u201313, doi:10.1007\/s00704-014-1231-y.<\/p>\n\n\n\n<p>Schauwecker S., Rohrer M., Acu\u00f1a D., Cochachin A., D\u00e1vila L., Frey H., Gir\u00e1ldez C., G\u00f3mez J., Huggel C., <strong>Jacques-Coper M<\/strong>., Loarte E., Salzmann N., Vuille M (2014): Climate trends and glacier retreat in the Cordillera Blanca, Peru, revisited. Global and Planetary Change, doi:http:\/\/dx.doi.org\/10.1016\/j.gloplacha.2014.05.005.<\/p>\n\n\n\n<p>Mu\u00f1oz R.C., Falvey M.J., Araya M., and <strong>Jacques-Coper M<\/strong>. (2013): Strong down-valley low-level jets over the Atacama Desert: observational characterization. Journal of Applied Meteorology and Climatology, doi:10.1175\/JAMC-D-13-063.1.<\/p>\n\n\n\n<ul class=\"wp-block-list\">\n<li>\n<h4><strong>Cap\u00edtulos de libros<\/strong><\/h4>\n<\/li>\n<\/ul>\n\n\n\n<p>Ugarte, A., Romero, J., Far\u00edas, L., Sapiains, R., Aparicio-Rizzo, P., Ramajo, L., Aguirre, C., Masotti, I., <strong>Jacques, M<\/strong>., Aldunce, P., Alonso, C., Az\u00f3car, G., Bada, R., Barrera, F., Billi, M., Boisier, J., Carbonell, P., De la Maza, L., De la Torre, M., Espinoza-Gonz\u00e1lez, O., Fa\u00fandez, J., Garreaud, R., Guevara, G., Gonz\u00e1lez, M., Guzm\u00e1n, L., Ib\u00e1\u00f1ez, J., Ibarra, C., Mar\u00edn, A., Mitchell, R., Moraga, P., Narv\u00e1ez, D., O\u2019Ryan, R., P\u00e9rez, C., Pilgrin, A., Pinilla, E., Rondanelli, R., Salinas, M., S\u00e1nchez, R., Sanzana, K., Segura, C., Valdebenito, P., Valenzuela, D., V\u00e1squez, S., &amp; Williamson, C. (2022).&nbsp;<em>\u00abMarea roja\u00bb y cambio global: elementos para la construcci\u00f3n de una gobernanza integrada de las Floraciones de Algas Nocivas (FAN)<\/em>. Centro de Ciencia del Clima y la Resiliencia (CR)2, (ANID\/FONDAP\/15110009), 84 pp. Disponible en&nbsp;<a href=\"https:\/\/www.cr2.cl\/fan\" data-saferedirecturl=\"https:\/\/www.google.com\/url?q=https:\/\/www.cr2.cl\/fan&amp;source=gmail&amp;ust=1674661809100000&amp;usg=AOvVaw3hJzG52rWSbWHvVHL-jrma\" data-loopstyle=\"linkonly\">www.cr2.cl\/fan<\/a><\/p>\n\n\n\n<p>Garreaud R., <strong>Jacques M.<\/strong>, Vargas F., Boisier J.P., Rojas M. (2020): Clima e Incendios, pp 23-26, in Gonz\u00e1lez M.E. et al., Incendios forestales en Chile: causas, impactos y resiliencia. Centro de Ciencia del Clima y la Resiliencia (CR)2, (ANID\/FONDAP\/15110009), 84 pp. Disponible en&nbsp;<a href=\"http:\/\/www.cr2.cl\/incendios\/\" target=\"_blank\" rel=\"noopener noreferrer\">http:\/\/www.cr2.cl\/incendios\/<\/a><\/p>\n\n\n\n<p><strong>Jacques-Coper, M<\/strong>., Rondanelli, R., Gonz\u00e1lez, M.E., Delgado, V., Garreaud, R., Galleguillos, M., Arriagada, R., Hoyos, Jo., Sep\u00falveda, A., Far\u00edas, L., Lara, A., Aldunce, P., Little, Ch., Zamorano, C. (2020): Megaincendios de 2017: eventos extremos en m\u00faltiples dimensiones y escalas, pp 58-69, in Gonz\u00e1lez M.E. et al., Incendios forestales en Chile: causas, impactos y resiliencia. Centro de Ciencia del Clima y la Resiliencia (CR)2, (ANID\/FONDAP\/15110009), 84 pp. Disponible en&nbsp;<a href=\"http:\/\/www.cr2.cl\/incendios\/\" target=\"_blank\" rel=\"noopener noreferrer\">http:\/\/www.cr2.cl\/incendios\/<\/a><\/p>\n\n\n\n<p><strong>Jacques-Coper M<\/strong>., S\u00e1nchez P., Frodden E., del Campo F., S\u00e1nchez J.I., Oyarzo D., Mac\u00edas J., Bucchi F., and Aguilera I. (2012): Solar Power to the People: the Solar Energy Workshop at Universidad de Chile in Sustainable Development at Universities: New Horizons, Leal Filho, W. (Ed.), Peter Lang Scientific Publishers, Frankfurt, 2012<\/p>\n\n\n\n<p>Bucchi F., <strong>Jacques-Coper M<\/strong>. and S\u00e1nchez P. (2012), Towards a Sustainable Campus at Universidad de Chile: the Key Role of Students in Sustainable Development at Universities: New Horizons, Leal Filho, W. (Ed.), Peter Lang Scientific Publishers, Frankfurt, 2012.<\/p>\n\n\n\n<ul class=\"wp-block-list\">\n<li>\n<h4><strong>Reportes<\/strong><\/h4>\n<\/li>\n<\/ul>\n\n\n\n<p>Falvey M., Ibarra M., <strong>Jacques M.<\/strong>, Mu\u00f1oz R., Schmitz R., Garreaud R., Molina A. (2010): \u00c1mbitos de Investigaci\u00f3n Necesarios para el Desarrollo E\u00f3lico en Chile Relacionados con el Comportamiento del Recurso Viento, Department of Geophysics, Universidad de Chile, Chile<\/p>\n\n\n\n<p>Schmitz R., Falvey M., <strong>Jacques Coper M<\/strong>. (2008): Implementaci\u00f3n de un Modelo Fotoqu\u00edmico de alta resoluci\u00f3n para la Macrozona Central del Pa\u00eds (Resumen Ejecutivo), Department of Geophysics, Universidad de Chile, Chile.<\/p>\n\n\n\n<ul class=\"wp-block-list\">\n<li>\n<h4><strong>Otros<\/strong><\/h4>\n<\/li>\n<\/ul>\n\n\n\n<p>Cubillos Santander, L.; Norambuena Cleveland, R.; Soto Benavides, D.; <strong>Jacques Coper, M<\/strong>.; Simon Rodgers, J.; y Carmona Montenegro, M.A. 2021. Manual de capacitaci\u00f3n en adaptaci\u00f3n al cambio clim\u00e1tico en pesca y acuicultura en Chile. Santiago de Chile, FAO y Universidad de Concepci\u00f3n.<\/p>\n\n\n\n<p>Br\u00f6nnimann S., Jacques-Coper M., Fischer A. (2017), Regnerischere S\u00fcdseeinseln wegen Ozonloch. Phys. Unserer Zeit, 48, 215\u2013216. doi:10.1002\/piuz.201770505.<\/p>\n\n\n\n<p>Br\u00f6nnimann S., Giesche A., Hunziker S., <strong>Jacques-Coper M.<\/strong> (2015): CLIMANDES Climate science e-learning course. ISBN 978-3-9058-35-44-1. doi: 10.4480\/GB2015.U27.<\/p>\n","protected":false},"excerpt":{"rendered":"<p>Curr\u00edculum Cargo: Profesor Asociado \/ Director de Departamento Tel\u00e9fono: 2203111 Oficina: 440 Mail: mjacques@dgeo.udec.cl Estudios: PhD of Science in Climate SciencesGrupo de Climatolog\u00eda, Instituto de Geograf\u00eda, Universidad de Berna, Suiza, 2011-2014. Mag\u00edster en Ciencias, menci\u00f3n Geof\u00edsicaDepartamento de Geof\u00edsica, Universidad de Chile, Chile, 2007 \u2013 2009. Licenciatura en Ciencias, menci\u00f3n Geof\u00edsicaDepartamento de Geof\u00edsica, Universidad de Chile, [&hellip;]<\/p>\n","protected":false},"author":1,"featured_media":0,"parent":17,"menu_order":0,"comment_status":"closed","ping_status":"closed","template":"","meta":{"footnotes":""},"class_list":["post-5524","page","type-page","status-publish","hentry"],"_links":{"self":[{"href":"https:\/\/www.dgeo.udec.cl\/dev\/wp-json\/wp\/v2\/pages\/5524","targetHints":{"allow":["GET"]}}],"collection":[{"href":"https:\/\/www.dgeo.udec.cl\/dev\/wp-json\/wp\/v2\/pages"}],"about":[{"href":"https:\/\/www.dgeo.udec.cl\/dev\/wp-json\/wp\/v2\/types\/page"}],"author":[{"embeddable":true,"href":"https:\/\/www.dgeo.udec.cl\/dev\/wp-json\/wp\/v2\/users\/1"}],"replies":[{"embeddable":true,"href":"https:\/\/www.dgeo.udec.cl\/dev\/wp-json\/wp\/v2\/comments?post=5524"}],"version-history":[{"count":41,"href":"https:\/\/www.dgeo.udec.cl\/dev\/wp-json\/wp\/v2\/pages\/5524\/revisions"}],"predecessor-version":[{"id":8857,"href":"https:\/\/www.dgeo.udec.cl\/dev\/wp-json\/wp\/v2\/pages\/5524\/revisions\/8857"}],"up":[{"embeddable":true,"href":"https:\/\/www.dgeo.udec.cl\/dev\/wp-json\/wp\/v2\/pages\/17"}],"wp:attachment":[{"href":"https:\/\/www.dgeo.udec.cl\/dev\/wp-json\/wp\/v2\/media?parent=5524"}],"curies":[{"name":"wp","href":"https:\/\/api.w.org\/{rel}","templated":true}]}}