{"id":11,"date":"2012-09-04T17:02:45","date_gmt":"2012-09-04T17:02:45","guid":{"rendered":"\/?page_id=11"},"modified":"2024-08-28T11:11:19","modified_gmt":"2024-08-28T14:11:19","slug":"integrantes","status":"publish","type":"page","link":"https:\/\/www.dgeo.udec.cl\/dev\/nosotros\/integrantes\/","title":{"rendered":"Equipo de funcionarios y funcionarias"},"content":{"rendered":"<ul>\n<li><a href=\"?page_id=17\">Acad\u00e9micos y acad\u00e9micas<\/a><\/li>\n<li><a href=\"?page_id=13\">Personal de apoyo<\/a><\/li>\n<li><a href=\"?page_id=21\">Colaboradores de investigaci\u00f3n<\/a><\/li>\n<\/ul>\n\n\n<p><\/p>\n","protected":false},"excerpt":{"rendered":"<p>Acad\u00e9micos y acad\u00e9micas Personal de apoyo Colaboradores de investigaci\u00f3n<\/p>\n","protected":false},"author":1,"featured_media":0,"parent":36,"menu_order":1,"comment_status":"closed","ping_status":"closed","template":"","meta":{"footnotes":""},"class_list":["post-11","page","type-page","status-publish","hentry"],"_links":{"self":[{"href":"https:\/\/www.dgeo.udec.cl\/dev\/wp-json\/wp\/v2\/pages\/11","targetHints":{"allow":["GET"]}}],"collection":[{"href":"https:\/\/www.dgeo.udec.cl\/dev\/wp-json\/wp\/v2\/pages"}],"about":[{"href":"https:\/\/www.dgeo.udec.cl\/dev\/wp-json\/wp\/v2\/types\/page"}],"author":[{"embeddable":true,"href":"https:\/\/www.dgeo.udec.cl\/dev\/wp-json\/wp\/v2\/users\/1"}],"replies":[{"embeddable":true,"href":"https:\/\/www.dgeo.udec.cl\/dev\/wp-json\/wp\/v2\/comments?post=11"}],"version-history":[{"count":20,"href":"https:\/\/www.dgeo.udec.cl\/dev\/wp-json\/wp\/v2\/pages\/11\/revisions"}],"predecessor-version":[{"id":8853,"href":"https:\/\/www.dgeo.udec.cl\/dev\/wp-json\/wp\/v2\/pages\/11\/revisions\/8853"}],"up":[{"embeddable":true,"href":"https:\/\/www.dgeo.udec.cl\/dev\/wp-json\/wp\/v2\/pages\/36"}],"wp:attachment":[{"href":"https:\/\/www.dgeo.udec.cl\/dev\/wp-json\/wp\/v2\/media?parent=11"}],"curies":[{"name":"wp","href":"https:\/\/api.w.org\/{rel}","templated":true}]}}